540
Let s(c) = 357*c**2 + 3230*c + 143. Determine s(-9).
-10
Let z(b) = 378*b + 4127. Give z(-12).
-409
Let g(a) = a**3 + 3*a**2 - 3829*a - 4489. Determine g(61).
86
Let s(p) = -2028*p - 216960. Calculate s(-107).
36
Let j(w) = 72442*w + 7968625. What is j(-110)?
5
Let t(m) = 3*m**2 - 1495*m + 5966. Calculate t(4).
34
Let p(k) = -17165*k**2 - 171662*k - 115. Determine p(-10).
5
Let q(a) = -14039*a + 631764. Calculate q(45).
9
Let m(s) = 135*s - 12790. Calculate m(89).
-775
Let r(i) = 168*i + 2660. Calculate r(-8).
1316
Let s(x) = 24*x**2 - 10*x + 34. Calculate s(4).
378
Let l(t) = 33*t**2 - 2474*t + 26586. Give l(13).
1
Let m(w) = -48*w**2 - 25725*w + 1615. Calculate m(-536).
7
Let p(r) = -r**2 - 3608*r - 18041. What is p(-5)?
-26
Let m(j) = -22742*j + 773438. Give m(34).
210
Let d(w) = 2355*w - 4594. Give d(2).
116
Let v(k) = k**3 - 934*k**2 - 4715*k + 18787. Calculate v(939).
7
Let z(v) = -2*v**2 + 2193*v - 10990. Calculate z(5).
-75
Let y(d) = 5*d**2 + 1286*d + 6603. Give y(-252).
51
Let o(j) = 2962*j + 728660. Give o(-246).
8
Let m(a) = 12*a**2 + 6020*a + 10013. Give m(-500).
13
Let j(c) = -2*c**2 + 388*c - 6117. What is j(16)?
-421
Let z(q) = 3093*q - 262914. Calculate z(85).
-9
Let u(i) = -626*i - 624. Calculate u(0).
-624
Let n(x) = 3*x**3 - 74*x**2 - x + 32. Give n(25).
632
Let r(s) = -71891*s - 2731849. Give r(-38).
9
Let m(u) = u**3 + 81*u**2 + 1563*u - 227. Calculate m(-49).
18
Let z(f) = 19088*f - 114539. Determine z(6).
-11
Let t(g) = g**2 + 509*g + 8229. Calculate t(-16).
341
Let w(d) = 64*d**2 - 6463*d - 48390. Give w(-7).
-13
Let n(v) = 928*v - 12392. Give n(14).
600
Let a(p) = -852*p + 30437. Give a(36).
-235
Let s(l) = 18*l**3 - 107*l**2 + 22*l - 67. Determine s(6).
101
Let v(m) = m**2 + 3665*m - 295632. Give v(79).
144
Let q(v) = -54*v**2 + 23217*v + 1346. Determine q(430).
56
Let u(k) = 2*k**3 - 36*k**2 + 27*k - 101. What is u(17)?
-220
Let l(p) = 2*p**3 - 18*p**2 + 2*p - 68. Determine l(11).
438
Let z(g) = 57*g**3 - 4902*g**2 - 2*g + 253. Give z(86).
81
Let x(c) = 134*c + 1528. Determine x(-10).
188
Let j(a) = -199*a**2 + 1359*a - 1215. Calculate j(6).
-225
Let m(n) = n**2 - 387*n + 25561. Give m(85).
-109
Let m(o) = -o**3 - 19*o**2 + 370*o + 1500. What is m(-34)?
6260
Let a(g) = g**3 + 14*g**2 - 122*g - 1. Give a(6).
-13
Let q(d) = -1301*d + 11732. Give q(8).
1324
Let s(i) = 1220*i**3 + 4*i**2 - 48*i + 43. Determine s(1).
1219
Let n(m) = -11*m**2 + 726*m + 11024. Determine n(-13).
-273
Let m(w) = -20*w**2 + 26972*w + 53950. Determine m(-2).
-74
Let f(z) = 5*z**2 - 136*z - 1435. What is f(-10)?
425
Let u(l) = -2*l**2 - 11*l + 203. Calculate u(-26).
-863
Let l(q) = -6*q**3 - 1651*q**2 - 246*q + 7975. Determine l(-275).
0
Let j(k) = 7173*k + 36287. What is j(-5)?
422
Let w(n) = -n**2 - 9*n + 40. Determine w(30).
-1130
Let l(m) = -m**3 - 28*m**2 + 238*m + 8018. Give l(-24).
2
Let o(t) = -12*t**2 + 1436*t - 5653. Determine o(4).
-101
Let t(w) = 9*w**3 + 581*w**2 - 251*w + 591. Give t(-65).
6
Let u(f) = -f**3 - 239*f**2 + 3276*f + 182. Give u(-252).
182
Let k(q) = -q**3 - 179*q**2 + 2267*q - 1894. Determine k(11).
53
Let x(p) = p**3 - 21*p**2 + 197*p - 4807. What is x(22)?
11
Let d(z) = -17024*z + 272379. Determine d(16).
-5
Let m(q) = -2*q**2 + 7251*q + 1822621. Calculate m(-236).
-7
Let h(b) = -8*b**2 + 2158*b - 122327. What is h(81)?
-17
Let g(a) = -a**3 + 421*a**2 + 848*a - 935. Give g(423).
-89
Let o(z) = z**2 - 7163*z - 158065. Give o(-22).
5
Let z(u) = u**2 + 88*u - 171. Calculate z(-70).
-1431
Let j(p) = -12*p**2 + 1189*p + 474. Calculate j(100).
-626
Let y(p) = 4471*p + 22588. Determine y(-5).
233
Let k(n) = n**2 + 237*n + 4858. Calculate k(-26).
-628
Let l(n) = -74*n**3 - 1041*n**2 - 64*n + 84. What is l(-14)?
0
Let f(u) = -40*u - 3586. What is f(-79)?
-426
Let l(j) = -j**3 + 5*j**2 + 1116*j - 5. Determine l(-31).
-5
Let v(k) = -k**3 - 24*k**2 + 594*k - 1874. Calculate v(-40).
-34
Let u(d) = -d**2 + 16261*d + 48792. Determine u(-3).
0
Let l(y) = 3*y**3 + 1745*y**2 + 12214*y + 1018. Calculate l(-7).
-4
Let y(n) = 269*n + 264. Give y(-2).
-274
Let a(b) = 82*b**2 + 680*b - 574. Determine a(-9).
-52
Let q(o) = -26484*o - 211840. Calculate q(-8).
32
Let j(u) = -4*u**3 + 119*u**2 + 117*u - 930. Determine j(30).
1680
Let w(t) = 14*t**2 + 156*t - 1106. Give w(-16).
-18
Let p(i) = 113*i + 1787. Calculate p(-17).
-134
Let l(o) = 798*o**2 + 4791*o - 2. Give l(-6).
-20
Let o(h) = -h**3 - 48*h**2 - 416*h + 2874. Give o(-20).
-6
Let h(p) = -2*p**3 + 23253*p**2 - 92968*p - 42. Determine h(4).
6
Let y(p) = -5039561*p - 35276921. Calculate y(-7).
6
Let q(c) = -82*c - 5775. Give q(-69).
-117
Let z(p) = -7652*p + 183656. Give z(24).
8
Let a(v) = -v**3 + 113*v**2 - 2130*v - 464. Give a(89).
70
Let k(j) = -31305*j - 2066131. Give k(-66).
-1
Let h(k) = -20*k**2 + 1738*k - 5227. Calculate h(3).
-193
Let w(i) = 2*i**3 - 57*i**2 - 817*i + 15000. Determine w(34).
-62
Let d(y) = -2*y**2 + 878*y - 43564. What is d(382)?
-16
Let h(k) = k**3 + 655*k**2 - 2627*k - 35. Give h(4).
1
Let r(m) = -800*m - 18391. Determine r(-23).
9
Let l(q) = -q**3 - 20*q**2 - 189*q + 18. Determine l(-12).
1134
Let z(r) = -444*r**2 + 3124*r - 3126. What is z(1)?
-446
Let p(w) = 117*w**3 - 29*w**2 - 21*w + 10. Determine p(-1).
-115
Let p(r) = 57*r + 42. Calculate p(-16).
-870
Let f(a) = 2*a**3 - 83*a**2 - 24*a + 539. Calculate f(41).
-2126
Let m(c) = -8*c**3 - 2714*c**2 - 11393*c - 1003. Determine m(-335).
2
Let p(n) = 1207*n + 11227. Give p(-10).
-843
Let a(o) = -2*o**3 + 237*o**2 - 4859*o + 1289. Calculate a(26).
15
Let p(o) = o**2 - 2320*o + 1063639. Determine p(629).
0
Let r(o) = -53*o - 3998. Give r(-50).
-1348
Let i(s) = -s**3 + 260*s**2 - 16403*s + 3420. Determine i(107).
-4
Let q(j) = -9922*j + 29747. What is q(3)?
-19
Let i(z) = -4*z**2 - 574*z - 3330. What is i(-137)?
232
Let t(w) = 214760*w - 1503305. What is t(7)?
15
Let z(h) = -h**3 - 109*h**2 + 1081*h + 31210. Give z(-116).
6
Let x(d) = -1516*d - 439. Determine x(-2).
2593
Let l(a) = 9*a**2 + 159*a + 1431. Give l(-8).
735
Let a(g) = -g**2 - 468*g + 161471. Calculate a(-699).
2
Let d(c) = -c**2 + 226*c - 10740. What is d(74)?
508
Let t(d) = 806*d - 3015. Calculate t(4).
209
Let d(i) = 3*i**2 - 92*i - 766. Calculate d(39).
209
Let r(f) = 5795*f - 4873596. Give r(841).
-1
Let k(f) = -10140*f - 101379. Calculate k(-10).
21
Let f(h) = -1695*h + 760866. What is f(449)?
-189
Let h(n) = -3*n**2 + 738*n - 15105. Determine h(224).
-321
Let r(p) = -406*p - 988. What is r(0)?
-988
Let x(b) = -186*b - 21797. Give x(-119).
337
Let c(j) = 2*j**3 - 497*j**2 + 144*j + 25785. Give c(248).
-7
Let s(g) = -g**3 + 23*g**2 + 467*g - 10569. Give s(22).
189
Let o(p) = 101*p**3 + 542*p**2 - 39*p + 3. Determine o(-6).
-2067
Let f(l) = -5122*l + 204880. What is f(40)?
0
Let c(p) = 38*p**2 - 622*p + 2492. Give c(4).
612
Let l(g) = 4*g**3 - 673*g**2 - 9202*g - 5261. Calculate l(181).
-12
Let s(u) = u**3 - 24*u**2 + 154*u - 460. Calculate s(9).
-289
Let i(d) = -42*d**2 + 273*d + 920. What is i(9)?
-25
Let c(q) = -123957*q + 3470806. Determine c(28).
10
Let b(g) = 2669*g - 61384. Determine b(23).
3
Let b(k) = 325299*k + 1951812. Calculate b(-6).
18
Let i(y) = 3*y**3 + 252*y**2 - 24657*y + 7246. Calculate i(-142).
4
Let b(g) = -6*g**2 - 646*g - 8166. Give b(-15).
174
Let t(u) = -5*u**3 + 3273*u**2 - 5314*u + 58764. Calculate t(653).
-6
Let q(a) = -10*a**2 - 2813*a - 21921. Calculate q(-8).
-57
Let g(k) = 8*k**3 - 227*k**2 - 1167*k + 16. Calculate g(-5).
-824
Let b(o) = -58*o**2 - 2118*o - 1088. Determine b(-36).
-8
Let z(b) = b**3 - 9*b**2 + 104*b - 1367. Give z(12).
313
Let q(z) = -25*z**2 - 1319*z + 170. Give q(-53).
-148
Let o(a) = 3188*a - 86283. Determine o(27).
-207
Let d(h) = -15405*h - 259. Calculate d(0).
-259
Let x(i) = 825*i**3 - i**2 + 108*i + 109. Calculate x(-1).
-825
Let b(s) = 2951*s - 268549. Determine b(91).
-8
Let l(x) = 4629*x - 83316. Calculate l(18).
6
Let b(n) = -n**2 + 16257*n - 1261966. Determine b(78).
-4
Let u(i) = -i**2 + 10232*i - 40920. Determine u(4).
-8
Let n(c) = -6820*c - 94474. Determine n(-14).
1006
Let j(r) = r**3 - 194*r**2 + 734*r + 4955. Calculate j(190).
15
Let w(q) = 5*q**2 - 757*q + 6403. Give w(9).
-5
Let t(p) = -8*p**2 + 2046*p + 24082. What is t(267)?
52
Let k(j) = -84*j**2 + 168*j - 175. 